 = -2*n**2 + 4*n - 2. Let f = -4 + 7. Let i(p) = 2*p**3 - 3*p - 3*p**3 + 3*p**f - p**3 - 2*p**2 + 2. Let l be i(3). Calculate q(l).
-2
Let a(l) = -l**2 - 2. Suppose 0 = -w - 2 + 4. Calculate a(w).
-6
Suppose -3*c + 9 = 3*t, 0*t = 4*c - t - 2. Let o = -56 + 64. Let n(g) = -7 + o + 0*g - 2*g + 5*g. Determine n(c).
4
Let s(b) be the third derivative of -b**5/30 + b**4/12 + 11*b**3/6 - 13*b**2 + 15. What is s(-4)?
-29
Let c(v) = -v**3 + 2*v**2 + v + 4. Let a be c(0). Let u = a + -1. Suppose -u*i - 3*q + 7 + 2 = 0, -4*q + 18 = i. Let j(w) = -w**2 - 3*w - 3. Determine j(i).
-1
Let m(z) = z**2 - z - 2. Suppose 8 - 72 = -16*l. Give m(l).
10
Suppose -2 = -0*k + k - 2*n, -4*k - 1 = -n. Let o(b) be the first derivative of -1/2*b**2 - 56 + 3*b. Calculate o(k).
3
Let t(k) be the second derivative of k**3/2 - k**2 + 55*k. Determine t(8).
22
Let u(i) be the first derivative of -i**4/4 - 2*i**3/3 - i**2/2 + 2*i + 57. Give u(-2).
4
Let z(t) = -t**2 - t. Let o = 9 - 9. Determine z(o).
0
Let h(c) = -c**2 + 11*c + 1. Let l be 2/(0 + -2)*-11*1. Give h(l).
1
Let o(f) = 7*f + 7. Let r(j) = -20*j - 20. Let d(g) = 17*o(g) + 6*r(g). Calculate d(-10).
9
Suppose 3*q - 1 = 8. Let d(r) = -2*r**2 + 45 - 11 + 2*r - 17 - 15. Calculate d(q).
-10
Let n(b) be the second derivative of b**5/20 + 7*b**4/12 - b**3/3 + 3*b**2 + b. Let l be ((-3)/3 + 8)*(51 - 52). What is n(l)?
20
Let o(q) = 25*q - 13. Let r(t) = -6*t + 3. Let i(z) = 6*o(z) + 26*r(z). Let j(v) = 13*v + 2*v**2 - 24 + 17 + 14. Let u be j(-6). Give i(u).
-6
Let y(v) be the third derivative of -11*v**6/120 + v**5/60 + v**4/12 + v**3/6 + 176*v**2. What is y(-1)?
11
Let f(l) = -l - 20. Suppose p - 2*v = -14, -v = -6*p + 8*p + 13. Calculate f(p).
-12
Let i(a) = -a**3 + a - 13. Let g(k) = 7*k**3 - 4*k**2 - 6*k + 81. Let x(s) = -g(s) - 6*i(s). Determine x(3).
6
Let s = -81 - -96. Let z be s/(-3) + (-11)/11. Let d(a) = a**2 + 2*a + 2. Calculate d(z).
26
Let c(a) = -8*a**3 + 20*a**3 - 11*a**3 + a - 16 - 14 - 25*a**2. Let o be c(25). Let i(r) = 3*r + 1. What is i(o)?
-14
Let p(u) = -u**3 - 3*u**2 + 2*u - 4. Let m(k) = -12*k - 2. Let z be m(-1). Suppose -5*w + z = -0. Suppose j + w*j = 4*f + 4, -f - 12 = 2*j. Calculate p(f).
4
Suppose -11 = -0*x - 11*x. Let n(b) = 2 + b + x - 5. What is n(-5)?
-7
Let f(y) be the first derivative of 1/20*y**5 - 1/4*y**4 + 12*y - 11 - 1/3*y**3 - 2*y**2. Let x(i) be the first derivative of f(i). Determine x(3).
-10
Let z(q) = -23*q + 12*q - q**2 + 8*q - 4. Suppose 4*p + 4*s = 12, -5*p = -4*s - s - 5. Suppose 4*t + p = -14. Determine z(t).
-8
Let s = 51 - 9. Let w = s - 33. Let f(g) = g**2 - 9*g - 8. Determine f(w).
-8
Let t(h) = -5*h**2 - 22*h + 11. Let g(v) = -10*v + 3. Let n be g(1). Let q(s) = -3*s**2 - 12*s + 6. Let z(b) = n*q(b) + 4*t(b). Give z(4).
2
Suppose 2*k - 4*b - 1 - 5 = 0, 10 = -2*k - 4*b. Let h(l) = -19*l**2 + 3*l + 2. Calculate h(k).
-20
Let t(q) be the second derivative of -q**4/12 + 2*q**3/3 - q**2 - q + 42. Determine t(5).
-7
Let m(y) be the third derivative of y**4/12 - y**3/2 + 462*y**2. What is m(6)?
9
Let r(a) = -35420*a - a**3 + a**2 - 13*a**2 - 1 + 35420*a - 6. What is r(-12)?
-7
Let k(r) = 38 - 6 + 16*r + 16*r - 56*r + 25*r. What is k(-14)?
18
Let u(s) = -4*s - 18. Suppose 3*p - 49 = 4*y - 2*p, 3*p = 4*y + 39. Determine u(y).
6
Let j(o) = 7*o**2 - 4*o + 1. Let h = 2795 + -2798. Calculate j(h).
76
Let t(p) = p**3 - 14*p**2 + 14*p - 3. Let v = 677 - 664. Calculate t(v).
10
Let q(k) = -4*k**3 + 2*k**2 - 2*k + 3. Let h = -340 + 342. Determine q(h).
-25
Let g(q) = q**2 - 3*q + 3. Let l(m) = -10*m + 7. Let u be l(-2). Let c(p) = p**3 - 27*p**2 + 4. Let i be c(u). Determine g(i).
7
Let m(o) = -o**3 - 4*o**2 + 3*o + 5. Let z = -452 - -448. Determine m(z).
-7
Let i(h) = -6*h + 0 + 7 + 1 + 2*h + 0*h. What is i(-5)?
28
Let k(p) = p**2 - 5*p + 3. Suppose 0 = -15*r - 2*r + 51. Calculate k(r).
-3
Let o(r) = 5*r**2 - 6*r. Suppose 5*y - 10 = -40. Let n(c) = c**2 - c. Let q(f) = y*n(f) + o(f). Let h(k) = -3*k - 133. Let s be h(-44). Give q(s).
-1
Let k(z) be the first derivative of -z**3/3 - 17*z**2/2 - 19*z - 874. Give k(-14).
23
Let p(h) = -6*h**3 + 2*h - 4. Let l(c) = -5*c**3 + 2*c - 3. Let z(s) = 4*l(s) - 3*p(s). Suppose 5*w + 0*w - 10 = 0. Give z(w).
-12
Let s(p) = -19*p**3 + 2*p**2 + 15*p - 15. Suppose -108 - 35 = -11*b. Let v(n) = -9*n**3 + n**2 + 7*n - 7. Let u(x) = b*v(x) - 6*s(x). Calculate u(2).
-19
Let x(l) = 30*l - 48. Let a(w) = 4*w - 7. Let z(s) = -27*a(s) + 4*x(s). What is z(3)?
33
Let b(o) = -o + 2. Let y be b(-17). Let x = y - 20. Let a(q) = 4*q**3 + 2 - q**2 - 2 - q. Calculate a(x).
-4
Let t(x) = x**2 + 7*x - 2. Let k(b) be the second derivative of b**4/6 + 41*b**3/6 - 27*b**2/2 - 18*b. Let g be k(-21). Give t(g).
-8
Let k be (-37)/1 - 3/((-2)/(-2)). Let p = 47 + k. Let x(j) = -j + 1. Calculate x(p).
-6
Let j(i) = i**3 + 2*i**2 - 4*i + 2. Suppose 0 = 2*z + c - 4*c + 28, 28 = -2*z + 2*c. Let h be (z/(-21))/(1/(-6)). Calculate j(h).
-14
Let a be ((-2)/6)/((-3)/18). Let p(u) = 1 - 4 - 3 + u**3 - 7*u**a - 8*u + 0*u**3. Calculate p(8).
-6
Suppose -3*w - 36 = -15. Let v(o) = -o**2 - 8*o + 2. What is v(w)?
9
Let i(b) = -2*b - 11. Suppose 0 = -2*j - 4*v - 32, 36 = -16*j + 13*j - 3*v. Give i(j).
5
Let o(r) = -3*r**3 + r**2 - 2*r - 10. Let d(n) be the first derivative of -2*n**4 + 4*n**3/3 - 3*n**2 - 29*n + 20. Let y(u) = 4*d(u) - 11*o(u). Calculate y(-5).
4
Let v be (0 - -1)/((-649)/(-55) + -12). Let m(r) = r**3 + 7*r**2 + r - 2. What is m(v)?
43
Let d be (-1 - 29/(-9)) + (-6)/27. Let r(l) be the first derivative of -1 - 1/2*l**d - 4/3*l**3 + 1/4*l**4 - l. What is r(4)?
-5
Let t(u) be the third derivative of 0 - 1/60*u**5 + 1/3*u**4 + 0*u + 1/6*u**3 + 5*u**2. Calculate t(6).
13
Let f(t) = -t**3 - 16*t**2 - 15*t - 3. Let b be f(-15). Let d be (32/(-12) - b)*-6. Let p(x) = -2*x**3 - x**2 + 3*x + 3. What is p(d)?
9
Suppose -f + 4*f = 0. Suppose f = 3*n + 2*n - 20. Suppose -2*w - 6 = -n*w. Let p(h) = -h**3 + 3*h**2 - 1. Calculate p(w).
-1
Suppose -11 = 3*h + 7. Let m be (-4)/(-18)*6*h/(-4). Let o(a) = 3*a + 1. Give o(m).
7
Let h(m) = -m**3 - 10*m**2 - 8*m - 1. Let c(v) = -5*v**3 - 41*v**2 - 31*v - 4. Let t(y) = -2*c(y) + 9*h(y). Calculate t(9).
-10
Let u(v) be the second derivative of v**5/60 - v**3/6 + 2*v**2 + 15*v. Let g(x) be the first derivative of u(x). What is g(2)?
3
Suppose 5 = 6*z - 13. Let m(v) = 0*v - 11 - z + 11*v - 9*v. What is m(10)?
6
Let c be (-9 - (2 + -2))/1. Let q be -6*6/c + 1. Let r(d) = -d**2 + 2*d + 2*d**2 - 2*d**2 + 3. Give r(q).
-12
Let l(r) = -2*r**2. Let q(n) = -3*n**2 - n - 3. Let b(c) = -2*l(c) + q(c). Calculate b(2).
-1
Let o(x) = -x - 16. Let c be o(-10). Let g(w) = -w**2 - 7*w - 7. Determine g(c).
-1
Let x be -3 - (-2 - (-1 - -1)). Let r(j) = j**2 + j + 1. Let h(l) = -6*l**2 - 9*l - 9. Let i(v) = x*h(v) - 5*r(v). Let o = 7 - 11. Determine i(o).
4
Let s(m) = -15*m + 3. Let u be 10*(5 - (-189)/(-35)). Give s(u).
63
Let g(n) be the second derivative of n**4/12 + n**3/6 - n**2 + 22*n. Determine g(2).
4
Let j = -5 + 1. Let i(v) = 9*v + 15. Let y(h) = 14*h + 23. Let m be 76/(-10) - 2/5. Let q(t) = m*i(t) + 5*y(t). Calculate q(j).
3
Suppose -5*q + 5 = -10. Let t(x) = 5*x + 2*x + 2*x**3 - 6*x**2 - 3*x**q - 1. Suppose c = -5*y - 32, -4*c - c + 50 = -5*y. Calculate t(y).
-1
Suppose -3*y + 15 = -3. Suppose -18 = -g + 3*o, 0 = 2*g - 6*g - 2*o + 44. Let q(b) = 7 - 33*b + 18*b + g*b. Calculate q(y).
-11
Let f be 3*20/(-15) + (-75)/(-18). Let i(a) be the second derivative of -f*a**3 - a**2 + 0 - 1/12*a**4 + a. What is i(2)?
-8
Let a(p) = -p - 10. Let r be a(-13). Suppose 6 = r*n - 2*n. Let g(q) = q**2 - 6*q - 2. Calculate g(n).
-2
Let m(x) = -7*x**2 - 35*x + 3. Let z(j) = 2*j**2 + 8*j - 6. Let c(p) = m(p) + 3*z(p). Suppose -4*g = -2*s - 20, 7*s - 4*s = -g - 30. What is c(s)?
-5
Suppose 2*p - 2 = 0, 115 = 6*j - j + 5*p. Let v be (-420)/(-110) - (-4)/j. Let i(u) = -2*u**2 - 6 + 7*u + 0 + u**2. Determine i(v).
6
Let r(p) = -4*p + 1. Suppose 4*d - 2*v - 2*v - 24 = 0, -4*v + 32 = 4*d. Suppose -2*j + 2*n = d*n - 23, 4*j - 3*n = 7. Give r(j).
-15
Let l(d) = 20*d - 2. Let u = 1345 - 1346. Calculate l(u).
-22
Suppose -24*v - 28 + 196 = 0. Let h(q) = q - 16. Give h(v).
-9
Let v(g) = -4*g - 8. Suppose -10*f - 5*f = 90. Determine v(f).
16
Suppose -10*y = -12*y - 32. Let h = 